155. Suppose -9 - 13 = -2*z. Calculate the greatest common factor of z and g.
11
Let k be (-2)/(-2 + (-12)/(-7)). Suppose 2*g - k = 1. Let y be (0 - -1)*(-3 + 4). Calculate the greatest common divisor of g and y.
1
Let a = -9 + 34. Calculate the highest common divisor of 50 and a.
25
Suppose -60 = -k + 75. Calculate the greatest common factor of 15 and k.
15
Let f be 333/6*(-4)/24*-8. Calculate the greatest common divisor of f and 37.
37
Suppose -2*s - r = -45, s = 3*s + 2*r - 42. Calculate the highest common factor of s and 264.
24
Let a(o) = 4*o - 10. Let x be a(4). What is the greatest common factor of x and 48?
6
Let m = 121 + -109. Let i = 279 - 183. What is the greatest common divisor of m and i?
12
Suppose -t - 12 = -3*z, 3*z = 2*t + 5 + 4. Suppose -t*r = -r - 184. Let u = -62 + r. Calculate the highest common factor of u and 12.
6
Let v be 14*7/(14/20). Suppose v + 144 = 4*h. Let z be 2/4 - h/(-2). Calculate the highest common factor of z and 12.
12
Let m = 12 - -10. Let a(d) = 15*d**2 + 3*d + 1. Let t be a(-2). What is the greatest common divisor of m and t?
11
Let k(q) = -2*q + 30. Let w be k(13). What is the greatest common factor of 4 and w?
4
Suppose i = 4*i - 2769. Let k = i - 501. Suppose -62 = 5*s - k. What is the highest common divisor of s and 9?
9
Let t be ((-84)/18)/(-1*6/27). What is the highest common divisor of t and 168?
21
Let u be ((-140)/21)/((-2)/15). What is the highest common divisor of u and 10?
10
Suppose -2*f = -11 - 25. Suppose 3*j + 2*j + 2395 = 0. Let y = -281 - j. Calculate the highest common factor of f and y.
18
Let x be 104/(-2)*((-66)/8)/3. Let w(i) = 13*i. Let v be w(1). Calculate the greatest common divisor of v and x.
13
Let z = -26 + 14. Let q = -6 - z. What is the greatest common divisor of q and 18?
6
Let k(o) = -2*o - 9. Let y be k(-6). Suppose 0 = 2*w + y*w. Suppose 2*f - 78 = -w*f. Calculate the highest common factor of f and 26.
13
Suppose -2*u - 4*r = -0 - 18, -3*r + 16 = 2*u. Suppose 8 + 7 = u*d. Suppose 5*o + 15 = v, d*o + 173 = 5*v + 32. What is the highest common divisor of v and 12?
6
Suppose 10*t - 15*t = 2*d - 32, -2*d + 32 = 3*t. Calculate the greatest common factor of 176 and d.
16
Suppose 36 = 4*f - 2*f. Let m = -106 + 268. Calculate the highest common divisor of f and m.
18
Suppose -6*g + 180 = -2*g. Calculate the greatest common factor of 5 and g.
5
Let q = 31 + -19. Calculate the highest common divisor of 132 and q.
12
Let l = 22 + -3. What is the highest common factor of l and 38?
19
Suppose 3*r = r + v + 1054, -8 = -4*v. Let d be r/12 - (1 - 2). Calculate the greatest common divisor of 18 and d.
9
Suppose -99 = -2*c + 2*y - 33, -3*c + y = -99. Calculate the highest common divisor of c and 11.
11
Let l be -2 + (-4 + 5 - 0) + 22. What is the highest common divisor of l and 168?
21
Let f(p) = 5*p + 1. Let t be f(2). What is the highest common divisor of 55 and t?
11
Suppose n - 88 = -3*n. Let t = -6 + 8. Calculate the greatest common divisor of n and t.
2
Let c(n) = 4*n + 35. Let f be c(7). What is the greatest common factor of f and 18?
9
Let n be 0 - -2 - 16/1. Let s = n + 70. Suppose -4 = -5*o + s. Calculate the greatest common factor of 48 and o.
12
Let d be (-24)/9*(-351)/12. Let h = d + 37. Calculate the highest common factor of h and 23.
23
Let o = 15 + -7. What is the greatest common factor of o and 16?
8
Let n(t) be the first derivative of 1/2*t**2 + 3 + 2/3*t**3 + 3*t. Let a be n(-3). What is the highest common factor of a and 12?
6
Let u = 128 + -26. What is the greatest common factor of u and 153?
51
Suppose -4*f + 160 = -4*o, -f + 2*f = -o + 32. What is the highest common divisor of 18 and f?
18
Let v = 246 - 474. Let w be 4/20 + v/(-10). Calculate the highest common factor of w and 207.
23
Let f be ((-2)/6)/((-7)/147). Let z be 457/f - 2/7. What is the highest common divisor of z and 26?
13
Let s(z) = z**3 - 7*z**2 + 3*z + 1. Let a be s(7). Let u be 1 - -3 - (-7 - -9). What is the greatest common factor of a and u?
2
Suppose -2*n - n = -84. Let d = -20 + n. What is the highest common factor of d and 4?
4
Let f(y) = 11*y**2 - 2*y - 1. Let r be f(-1). Let g be (-8)/(-3)*54/4. What is the greatest common divisor of r and g?
12
Suppose 11*h + 38 = 291. What is the greatest common divisor of h and 69?
23
Suppose -b = 3*b - 288. What is the greatest common factor of 24 and b?
24
Suppose -3*p + 9 = -3. Suppose 155 = t + p*t. Suppose 2*w = -h + 19, 2*w = 4*h + w - t. Calculate the highest common factor of 6 and h.
3
Suppose 0 = 2*h - b - 179, 0 = -5*h - 4*b - 18 + 472. Suppose -5*m = -87 - 233. Let k be m/6 - (-4)/(-6). What is the greatest common factor of k and h?
10
Suppose -t - 5*z + 11 = 0, -2*t - 4*z + 37 = 9. Suppose -f = -u - t, -f + 3*u - 99 = -5*f. What is the greatest common divisor of 3 and f?
3
Let s = -1 - -6. Suppose -s*j - 5 = -2*a, 2*a + 7 = -3*j + 4*a. Let p be (j - 2)/(3/(-75)). What is the highest common factor of p and 10?
5
Suppose -2*x - 16 = -6*x. Suppose 2 = -a, -a + 204 = 3*r - x*a. Suppose -9*k + 4*k + 30 = 0. What is the greatest common divisor of r and k?
6
Let h(m) = 13*m - 7. Let x be h(-5). Let p = 189 + x. What is the greatest common divisor of p and 13?
13
Let s(f) = f**2 - 5*f + 3. Let k be s(4). Let r(x) = -98*x + 1. Let q be r(k). Calculate the highest common divisor of q and 9.
9
Let w(n) = -n + 3. Let i be w(-12). Calculate the highest common divisor of i and 30.
15
Suppose 10 - 20 = -5*t. Calculate the greatest common factor of t and 16.
2
Suppose -2*a + 4 = -s - a, 4*a - 17 = 5*s. Let y be 6*-2*s/3. Let g(q) = -q**3 + 4*q**2 + q - 4. Let b be g(3). What is the greatest common factor of y and b?
4
Let h(n) = n**2 - 3*n + 5. Let r(q) = -q**3 - 4*q**2 + 5. Let k be r(-4). Let t be h(k). What is the greatest common divisor of t and 10?
5
Suppose 32 = 3*i - 211. Let t be 75/9 + (-2)/(-3). Calculate the highest common factor of t and i.
9
Suppose 0 = 21*z - 76 - 113. Calculate the highest common divisor of 63 and z.
9
Let t = -2 + 6. Let b(s) = -s**3 - 14*s**2 - s - 4. Let a be b(-14). Calculate the highest common factor of t and a.
2
Let u = 18 + 12. What is the greatest common factor of 6 and u?
6
Let h = -73 - -105. What is the greatest common factor of h and 16?
16
Let o(j) = -3*j + 64. Let a be o(13). What is the highest common factor of 75 and a?
25
Suppose f + 4 = -0. Let z = 1 - f. Suppose -2*p = l - 8, 3*l - 7*l + 7 = 3*p. Calculate the highest common divisor of p and z.
5
Let s(y) = -y - 10. Let r be s(-17). Calculate the greatest common divisor of r and 1.
1
Let v(m) = -m**3 + 9*m**2 + 2*m + 15. Let b be v(8). What is the highest common divisor of 19 and b?
19
Let g = 134 - 94. What is the greatest common divisor of 10 and g?
10
Let z(c) = -2*c - 3. Let w be z(-2). Let t = w + 4. What is the highest common divisor of 2 and t?
1
Let u(t) = 4*t + 4. Let f be u(8). What is the greatest common factor of f and 12?
12
Suppose -2*b = -293 + 53. What is the highest common divisor of b and 15?
15
Let g(t) = -t**2 - 15*t - 12. Let c be g(-11). What is the highest common divisor of c and 96?
32
Suppose 25 = 3*b + 5*i, 4*b + 3*i - 28 = -i. Let y be (-84)/(-30) + 1/b. Let r = 20 + -8. Calculate the greatest common factor of r and y.
3
Let i = 6 + -10. Let s = 20 + i. Suppose s = 4*w, -2*b = 3*w + w - 36. Calculate the highest common factor of 80 and b.
10
Let j = -5 + 15. Suppose -2*q = -0*q - j. Suppose 0 = -d + 2*v + 15, -13 - q = -2*d + v. Calculate the greatest common factor of 7 and d.
7
Let z(h) = 170*h + 3 - 3 + 0. Let q be z(1). Calculate the greatest common factor of q and 17.
17
Let y be (3 - 2) + (-350)/(-2). What is the greatest common divisor of y and 16?
16
Suppose -3*c + 154 = 130. What is the highest common factor of 1 and c?
1
Let b(h) = -h + 1. Let q = 8 - 6. Let f be b(q). Let u be (f/(-2))/((-2)/(-16)). What is the highest common divisor of u and 12?
4
Suppose 2*k - 13 + 1 = 0. Suppose 5*h + 6*c - 326 = 2*c, 2*h = 4*c + 136. Calculate the highest common factor of k and h.
6
Suppose 7 + 7 = h - 2*b, 109 = 5*h + 3*b. Let d(k) = 2*k**2 + 9*k + 5. Let u be d(-7). Calculate the greatest common factor of h and u.
20
Suppose -2*a + 21 = -3. Suppose p + 3*p - 4*y = a, -3*p - y = -1. What is the greatest common divisor of 1 an